{"id":105,"date":"2024-09-12T07:32:42","date_gmt":"2024-09-12T07:32:42","guid":{"rendered":"https:\/\/bisca.it\/?page_id=105"},"modified":"2024-09-12T07:32:42","modified_gmt":"2024-09-12T07:32:42","slug":"sample-page-3","status":"publish","type":"page","link":"https:\/\/bisca.it\/index.php\/sample-page-3\/","title":{"rendered":"Sample page 3"},"content":{"rendered":"\n<p><strong>Bisca debutta nel marzo 1981<\/strong>.<br>La sonnolenta scena napoletana (ed italiana) viene travolta da un vento che vorrebbe rinfrescare l&#8217;aria un p\u00f2 stantia del cantautorato nostrano. La scossa viene da fuori e molti pensano che &#8216;nuovo&#8217; sia semplicemente riproporre i clich\u00e8 del &#8216;new&#8217; d&#8217;oltre Manica. Bisca, pur emergendo in questo contesto, rifiuta un approccio cos\u00ec &#8216;datato&#8217; e questa sua posizione, assolutamente isolata, attira la curiosit\u00e0 e l&#8217;inimicizia di molti.<\/p>\n","protected":false},"excerpt":{"rendered":"<p>Bisca debutta nel marzo 1981.La sonnolenta scena napoletana (ed italiana) viene travolta da un vento che vorrebbe rinfrescare l&#8217;aria un p\u00f2 stantia del cantautorato nostrano. La scossa viene da fuori e molti pensano che &#8216;nuovo&#8217; sia semplicemente riproporre i clich\u00e8 del &#8216;new&#8217; d&#8217;oltre Manica. Bisca, pur emergendo in questo contesto, rifiuta un approccio cos\u00ec &#8216;datato&#8217; [&hellip;]<\/p>\n","protected":false},"author":1,"featured_media":0,"parent":0,"menu_order":0,"comment_status":"closed","ping_status":"closed","template":"page-template\/ibtana-page-template.php","meta":{"_themeisle_gutenberg_block_has_review":false,"footnotes":""},"class_list":["post-105","page","type-page","status-publish","hentry"],"_links":{"self":[{"href":"https:\/\/bisca.it\/index.php\/wp-json\/wp\/v2\/pages\/105","targetHints":{"allow":["GET"]}}],"collection":[{"href":"https:\/\/bisca.it\/index.php\/wp-json\/wp\/v2\/pages"}],"about":[{"href":"https:\/\/bisca.it\/index.php\/wp-json\/wp\/v2\/types\/page"}],"author":[{"embeddable":true,"href":"https:\/\/bisca.it\/index.php\/wp-json\/wp\/v2\/users\/1"}],"replies":[{"embeddable":true,"href":"https:\/\/bisca.it\/index.php\/wp-json\/wp\/v2\/comments?post=105"}],"version-history":[{"count":1,"href":"https:\/\/bisca.it\/index.php\/wp-json\/wp\/v2\/pages\/105\/revisions"}],"predecessor-version":[{"id":106,"href":"https:\/\/bisca.it\/index.php\/wp-json\/wp\/v2\/pages\/105\/revisions\/106"}],"wp:attachment":[{"href":"https:\/\/bisca.it\/index.php\/wp-json\/wp\/v2\/media?parent=105"}],"curies":[{"name":"wp","href":"https:\/\/api.w.org\/{rel}","templated":true}]}}